- 2*b = 0, -b + 6*b = m. Suppose 2 = -5*r + 7. Suppose m = 5*s + r - 56. Is s prime?
True
Is (3/((-36)/2559))/((-3)/12) a prime number?
True
Let y(k) = 138*k - 4. Let t be y(3). Let r = t + -289. Is r a composite number?
True
Is (-2)/(-4*3/1746) composite?
True
Let p(b) = -459*b + 11. Is p(-4) a composite number?
False
Let q = 384 - 211. Let h = -96 + -28. Let y = h + q. Is y a composite number?
True
Let q be -6 + 13 + -1 + -1. Let v(u) = 6*u + 1. Is v(q) composite?
False
Suppose -5*m + 751 = -2514. Is m prime?
True
Suppose 2*u - 15 = 5*u, p - 1691 = 4*u. Is p composite?
True
Suppose 0*l - 3*p + 13 = 2*l, -2*l = -2*p - 8. Suppose -5*g + l = -0*f + 5*f, 5*f - 3 = -3*g. Suppose 267 + f = 3*t. Is t a composite number?
False
Let t(d) = 19*d - 3. Let h be -5*(0 + 0 - 1). Let a be t(h). Suppose -3*c = -0*c + 5*b - a, 0 = 5*c + 4*b - 175. Is c prime?
False
Let y(r) = 4*r**2 + 4*r + 2. Let q = -1 + 7. Suppose -2*t = q - 0. Is y(t) a prime number?
False
Suppose -5*p = -6*p + 1049. Is p composite?
False
Suppose 0 = 4*o - 487 - 53. Let u = o + -42. Is u prime?
False
Let a = 7 + -5. Suppose 5 + 3 = a*m. Suppose 8 = m*i - 44. Is i a composite number?
False
Let p = 1 + 1. Let b(v) = 21*v**3 - 3*v**2 + 1. Is b(p) prime?
True
Let b be 60*((-10)/(-4))/5. Let r = b - 17. Is r a composite number?
False
Let g(s) = s**2 + 3*s + 2. Let k be g(-3). Let p = k + 7. Is 114/4*6/p prime?
True
Suppose x + 3623 = -5*d - 0*x, -x = -d - 721. Let m = d + 319. Is (-5)/(-10) - m/2 a prime number?
False
Let s = 9 - 5. Let q be (-2 - -1) + -4 + s. Is (79/(-2))/(q/2) a prime number?
True
Suppose 4*d - 5 = -25. Let j(i) = -i**3 - 7*i**2 - i + 4. Let k be j(-6). Let s = d - k. Is s prime?
False
Is 3 + (-18)/6 - -323 composite?
True
Let v(q) = 19*q**3 + 3*q**2 - q - 3. Is v(2) a prime number?
False
Suppose -3*p - 4*d = -1641, 3*d + 2021 + 685 = 5*p. Is p composite?
True
Is (17 - (-3 + 3))*13 a prime number?
False
Let r be (4 + -24)*(-102)/(-4). Let d = -143 - r. Is d composite?
False
Is (-43)/((-4 + 1)/21) a composite number?
True
Suppose -4 = 5*u - 19. Suppose -u*k = -2*k + 3*x - 3, 4*k + 28 = -4*x. Is ((-9)/k)/(2/40) composite?
True
Let i(k) = -k**3 - 4*k**2 - 2*k + 3. Let t be 12 - 0/((-9)/3). Let r be ((-2)/3)/(2/t). Is i(r) a prime number?
True
Let h(m) = 132*m - 1. Is h(3) a prime number?
False
Let s(z) be the third derivative of z**7/112 - z**6/720 - z**5/30 + 2*z**2. Let g(y) be the third derivative of s(y). Is g(2) composite?
False
Let x(m) = m - 63. Let k be x(0). Let d = 121 + k. Let i = d + -39. Is i a prime number?
True
Let d = 90 + -174. Let p = 133 + d. Is p a composite number?
True
Suppose 134 = x - 3*x. Is x/(-3) + (-10)/(-15) a prime number?
True
Let c(i) = -i + 161. Let f be c(0). Suppose 3*l = 574 - 70. Suppose q - 5*h = l, -4*q + 5*q + 2*h = f. Is q a composite number?
False
Is 371 - (1 - 2 - (-7)/(-7)) prime?
True
Let l be 4/14 + (-117)/(-7). Let o = -8 + l. Is o a composite number?
True
Suppose 14 = h - 4*m, -5*h + 28 = m - 0. Suppose -4*s = 2*p - h*p - 240, -2*s = 3*p - 95. Suppose -v = 4*v - s. Is v composite?
False
Suppose 0 = -2*i - 3*g - 39, 25 = -g - 4*g. Let u be i/10*(-20)/6. Suppose -u*h + 80 = -116. Is h a composite number?
True
Is (-1)/((-6)/(-12)) + 2 + 187 composite?
True
Let w(t) = -3*t**2 - 16*t - 2. Let p(i) = -2*i**2 - 11*i - 1. Let n(z) = 8*p(z) - 5*w(z). Let a(u) = 6*u**3 + u**2 - 1. Let c be a(-1). Is n(c) composite?
True
Let p = 14265 - 6280. Is p prime?
False
Let p(f) = f**3 + 3*f**2 + f. Let w be p(-2). Suppose -5*l + w*y - 16 - 18 = 0, 4*l = -4*y - 16. Is (-128)/(-6) - (-2)/l a prime number?
False
Let v(b) be the third derivative of -19*b**6/60 + b**3/6 + b**2. Suppose 0 = 2*x - 7*x - u - 9, -5*x = -5*u - 15. Is v(x) a prime number?
False
Let f(b) = b**2 + b - 1. Let p be f(1). Let o be -2 - 2/p - -1. Is 0 - (o - 0) - -50 prime?
True
Let s = 3 - 1. Suppose 0*f - 2*f - 34 = s*m, 4*m + 67 = -5*f. Let l = 47 - m. Is l a prime number?
False
Is (5/(-20))/(-2 + 87/44) composite?
False
Let g(u) = u**3 - 3*u**2 + 4. Let h be g(4). Suppose -4*f + h = f. Is f prime?
False
Let s(k) = -k**3 - 12*k**2 - 4*k - 10. Is s(-13) a prime number?
True
Let v be ((-24)/(-10))/((-6)/105). Let d = -10 + 20. Is (-1 + -4)*v/d a prime number?
False
Suppose -2*l = 3*s - 67, -l + s + 38 = -2*s. Suppose 6 = 4*t - 2*t. Suppose -t*k - 2 = -l. Is k prime?
True
Suppose 82 = l + 3*g, l + 26 = 3*g + 138. Is l prime?
True
Let f = 3 - 1. Let o be (f - 1)/((-2)/(-10)). Is (-1)/(-5) + 184/o composite?
False
Suppose -j + 39 = 5*c, -5*c - 2*j + 38 = -0*j. Is (226/c)/(2/8) composite?
False
Suppose w = -5*d + 1946, 4*d - 5894 = -3*w + 3*d. Is w a composite number?
True
Suppose 16*l - 5505 = 13*l. Is l a composite number?
True
Suppose 3*z + 1984 = 2*w - 127, 4*w = 2*z + 4234. Suppose 0 = -3*j - 103 + w. Is j a composite number?
True
Suppose 167 = -4*o + 23. Is (4 + o/8)*-494 a prime number?
False
Suppose -9*b = -7*b - 506. Is b prime?
False
Let d(p) = 44*p**2 - p. Suppose -4*i + 5*x = -1, -x = 5*i + 4*x + 10. Let j be d(i). Let l = 1 + j. Is l composite?
True
Let u be ((-36)/(-15) + 3)*5. Suppose -m + 3 = u. Is ((-8)/m)/(1/141) a prime number?
True
Let f(p) = -4*p + 3 + p - 4. Let s be f(7). Let h = s - -135. Is h prime?
True
Suppose -g + 119 = -r, 5*g - 615 = -2*r - 3*r. Is g composite?
True
Suppose 0 = -m - 3*x + 117, m - 2*x - 2*x - 82 = 0. Suppose 2*k - m = -k. Is k composite?
True
Let h = 218 - 19. Is h a composite number?
False
Suppose 5*a = -3*o + 25, o + 5*a - 20 = -o. Suppose 288 = 3*y - 720. Suppose 3*t - 239 = o*n, -t - 2*n + y = 3*t. Is t composite?
False
Let o be 4/14 + (-52)/(-14). Suppose -4*b = -4*v + 228, -5*v + 173 + 94 = o*b. Is v composite?
True
Let a be ((-84)/8)/((-6)/(-8)). Let y = a + 63. Is y prime?
False
Suppose -2*a + a = -27. Let i = -16 + a. Is i a composite number?
False
Suppose -4*y - 10 = -2*h, -3 = -3*h - 3*y + 3. Suppose 154 = 5*w - h*w. Is w a prime number?
False
Let f(z) = z**3 + 5*z**2 - z + 2. Let c(i) = i**3 + 5*i**2 - i + 1. Suppose 0*s - 4*s = 8. Let j(a) = s*c(a) + 3*f(a). Is j(-5) prime?
False
Let c(r) = -r**3 + 9*r**2 - r + 13. Let i be c(9). Suppose o + i*n - 549 = 5*n, -1100 = -2*o + 3*n. Is o prime?
True
Is (-236)/(-32)*-10*-4 a prime number?
False
Let i be 2 + 2/1 + -1. Suppose m + 4 = 2*m + i*x, -4*m + x + 16 = 0. Suppose 2*h - m*h = -30. Is h a prime number?
False
Suppose 0 = -3*x + 5 + 1. Suppose 0 = 4*n - 4*b - 304, -n - 7*b + 46 = -x*b. Is n prime?
True
Let a(d) = -d**3 + d**2 + 35. Is a(0) a composite number?
True
Suppose 7*i - 126 = 4*i - 3*g, -4*i = -5*g - 123. Is i a composite number?
False
Suppose 4*m = -3*q + 629, 0*m + 1053 = 5*q + 2*m. Suppose s - 4*r = q, -s + 6*s - 1017 = r. Is s composite?
True
Suppose 0 = -15*r + 11*r + 5000. Is r/60 + (-2)/(-12) prime?
False
Is (-1276)/(-10) - 1*(-9)/(-15) prime?
True
Let d = -5 + 132. Is d a composite number?
False
Let n(l) be the second derivative of l**5/20 + 3*l**4/4 + l**3/3 - 11*l**2/2 + 4*l. Is n(-8) a prime number?
True
Let z(n) = 10*n**2 + n. Let h be z(-2). Suppose q - h = -q. Is q a composite number?
False
Let l(k) be the second derivative of 15*k**3/2 + k**2/2 - 5*k. Is l(13) a composite number?
True
Is (4*1/2 - 3)*-257 a composite number?
False
Let k = 1024 - 575. Is k a composite number?
False
Let f(g) = -g**3 - 7*g**2 + 7*g - 7. Let u be f(-8). Is (3/u)/(6/38) a composite number?
False
Suppose 6 + 10 = 4*s. Suppose 4*g + 0 = -20, s*g = 5*k - 1885. Is k prime?
True
Let b(r) = -2*r + 4. Let d be b(-9). Suppose 5*x - 21 = -f, 2*x + 3*f - d = 6*f. Is (-668)/(-10) + x/25 a composite number?
False
Suppose c = -v + 13, -4*c + 38 = -0*v + 3*v. Let d(r) = -r**2 + 27*r - 19. Is d(v) a prime number?
True
Let w = 40 - 27. Suppose k + w = g, 3*k = 2*g + 2*g - 57. Suppose g = d - 1. Is d a composite number?
False
Let z(j) = -j. Let h(k) = 3 + 2*k**2 + k + 7*k - 22*k**2. Let t(a) = -h(a) - 4*z(a). Is t(-2) prime?
False
Let x(p) = -p**2 + 3*p - 2. Let i be x(2). Let z = i - -2. Suppose z*s = 8, 2*o + 0*s - 3*s = 394. Is o a prime number?
False
Let f(l) = -l - 4. Let s be (12/(-9))/(1/3). Let d be f(s). Is (50 - (-3)/(-3)) + d prime?
False
Let c be 0*-2*2/8. Suppose c*p = -4*p + 356. Is p prime?
True
Let g(x) = 3*x + 34. Is g(-9) prime?
True
Suppose 0 = -2*p + p + 15. Is ((-4)/(-2)